51 + 13, -3*r + 87 = -4*v. Let k(t) = -2*t**2 + 3*t - 4. Let o be k(-3). Let q = v - o. What is the units digit of q?
3
Suppose -3*b + 21 - 6 = 0. Let r = 11 - b. What is the units digit of r?
6
Let y be (-2)/3 + (-69)/(-9). Suppose -k + 0*z - y = -2*z, 5*k + 35 = 4*z. Let g = k - -14. What is the units digit of g?
7
Suppose -4*r + 4 + 8 = 0. Suppose -3*q + 2*q + 3*o + 11 = 0, -q - 4*o - r = 0. What is the units digit of q?
5
Suppose -6*c + 81 = -3*c - b, -3*b - 75 = -3*c. What is the units digit of c?
8
Let a(b) = b**3 + 10*b**2 + 6*b + 3. What is the units digit of a(-7)?
8
Suppose 8 = -2*h + y + 2*y, 0 = -3*h - y - 12. What is the tens digit of (8/(-3))/(h/48)?
3
Let c(q) = 14*q - 1. What is the units digit of c(1)?
3
Let p(s) = 4*s + 226. What is the hundreds digit of p(0)?
2
Let r(i) = i**3 - 7*i**2 + 8*i - 8. Let a be r(6). Let y = a + 2. Suppose o = k + 5, k - 17 = -o + y*k. What is the units digit of o?
2
Suppose 2*l - 3 = 5*d, -3*d - l - l + 11 = 0. Let g(f) = 2*f**2 - 6*f + 2. Let j be g(4). Let o = d + j. What is the units digit of o?
1
Suppose -4 = -0*w + 2*w. Let a = 5 + w. Suppose -20 = -5*d - a*i, d - 1 - 3 = 3*i. What is the units digit of d?
4
Suppose 4*o = -5*i + 654 + 54, 0 = -3*o - i + 542. What is the units digit of o?
2
Suppose x - 3 = 1. Let o be (-120)/(-84) - (-4)/7. Suppose 0 = -x*r + 2*i - 3*i + 27, -o*i = -r. What is the units digit of r?
6
Let h be (0 - -2 - 1) + -2. Let f(y) be the second derivative of -y**3 - 3*y. What is the units digit of f(h)?
6
Suppose 4*o - 2 = -14, -5*g = -2*o + 24. Let r = g - -6. Suppose 4*n + r*n = 3*d + 15, n + d = 2. What is the units digit of n?
3
Let h = 26 - 50. What is the tens digit of (-326)/(-8) + (-6)/h?
4
Let s = 14 + -26. Let n be 2/s*-8*3. What is the units digit of (-15)/2*n/(-6)?
5
Suppose 2*l - 4 = -2*l. Suppose -k = n - 6*n, 2*k = 5*n + 5. Let j = k - l. What is the units digit of j?
4
Let s be (-2)/(-12) + 50/(-12). Let w be ((-10)/(2 + s))/1. Suppose 15 = w*j - 2*j. What is the units digit of j?
5
Let v(s) = s**3 - 2*s**2 - s - 3. Let g be v(3). Suppose 20 = g*t - 10. Suppose 2*l - t = 4*b, -l = l - 2*b - 14. What is the units digit of l?
9
Let s = 2 - 2. Let j be 3 + 0 + (2 - s). Suppose j*d = 3*a + 28, a + 31 - 3 = 4*d. What is the units digit of d?
8
Suppose 0*r = 4*r - 268. What is the tens digit of r?
6
Let v = 9 + -20. Suppose 0*x + 28 = -2*z + 2*x, -4*z - 76 = x. Let c = v - z. What is the units digit of c?
7
Let a(i) be the second derivative of i**4/6 + i**3/3 - 3*i**2/2 + i. What is the tens digit of a(3)?
2
Let h = 536 - 220. What is the units digit of h?
6
Suppose -r + 7*r = 18. Suppose 2*y = r + 1. What is the units digit of y?
2
Suppose -338 = -3*t - 122. What is the units digit of t?
2
Let y(c) be the third derivative of c**5/20 - c**4/8 - 7*c**2. Let x be 1*-1*-1 + 1. What is the units digit of y(x)?
6
Suppose -4*i + 4*n - 164 = 0, 3*i - 36 = -5*n - 183. Let c = -29 - i. What is the tens digit of c?
1
Let m be (-26)/(-8) + 3/(-12). Let n(z) = z**3 - 2*z**2 + 2*z + 4. What is the units digit of n(m)?
9
Let w(r) = -r**2 + 11*r + 8. What is the tens digit of w(9)?
2
Let q(i) = -i + 6. Let p be q(6). Let z(s) = s**2 - s + 12. What is the tens digit of z(p)?
1
What is the tens digit of (3/(-2))/(12/(-328))?
4
Suppose 2*w = -g + 64, -5*g = 2*w - 41 - 31. What is the tens digit of w?
3
Let f(h) = h**3 - 7*h**2 - 8*h + 4. Suppose 2*v - 44 = -3*p + v, p + 5*v - 38 = 0. Suppose -z + p = 5. What is the units digit of f(z)?
4
Suppose 5*f - 95 = -3*v, -v - 5*f + 8*f = -55. What is the units digit of v?
0
Suppose 2*g - 160 = -4*y, -y - 3*g = -31 - 4. What is the tens digit of y?
4
Suppose 0*r - 11 = -r - c, -3*c + 6 = 0. What is the units digit of r?
9
Let o be (2*-1 - -8) + 0. Let w be (-2 + 14)*o/8. Suppose -n + 2*n = w. What is the units digit of n?
9
Suppose 2*y - 2*n - 16 - 22 = 0, 4*y = -n + 96. What is the tens digit of y?
2
Let c(v) = v**2. Let w be (-3)/(-4 + 3) + 0. What is the units digit of c(w)?
9
Let k = 0 - 0. Suppose k = -0*t + t - 3. Suppose -o = -t*o + 4. What is the units digit of o?
2
Suppose -i + 4 = f, -1 - 10 = -3*f - 2*i. Suppose 0 = f*r - 19 + 1. What is the units digit of r?
6
Suppose 3*v + 5 = 11. Let l(m) = m**3 - m**2 - m + 12. Let a be l(0). What is the units digit of (4/a)/(v/6)?
1
Suppose 1461 = 8*h + 45. What is the hundreds digit of h?
1
Let g = 362 + -184. What is the tens digit of g?
7
Suppose -5 = -2*p + p. Let x(d) = -d**2 + 6*d. Let b be x(p). Suppose b*k - 4*r - 60 = -3*r, -2*r = 10. What is the tens digit of k?
1
What is the tens digit of (10/(-6))/((-3)/45)?
2
Let j = 847 - 511. What is the hundreds digit of j?
3
Let b be ((-3)/2)/((-2)/4). Let r = b + 8. What is the tens digit of r?
1
Let s(g) = -g**3 - g**2 + 10. Let q be s(0). Suppose -4*i = -2 - q. What is the units digit of i*(-2 + 1)/(-1)?
3
Let i be 2*(-3)/4*2. Let v be (-1)/(0 - i/(-9)). Suppose n - 2*h = 7, v*n - 29 = n - h. What is the units digit of n?
3
Suppose 0 = 6*t - t - 20. Suppose t*w + j = 31 - 8, 0 = 2*j - 6. What is the units digit of w?
5
Let i be 0 + 1/1 + 3. Suppose 2*q = w, 3*w + i*q - 7 = 3. What is the units digit of w/(-6) - 30/(-9)?
3
Let x = 37 + -29. What is the units digit of x?
8
Let y = -40 - -189. What is the tens digit of y?
4
Suppose 0*l + 449 = 3*l - b, -b + 445 = 3*l. What is the tens digit of l?
4
Suppose -3*w + 0*w = -15. Suppose -21 = -5*p + 4. Suppose -w*l - p*i = -65, -2*i = -l + 3 + 1. What is the units digit of l?
0
Suppose -k = -3*k + 50. Let n = 21 + k. What is the units digit of n?
6
Suppose -15 = x - 6*x. Suppose -x*m + 111 = 3*a, 5*a + 24 - 209 = 5*m. Suppose 0 = -2*v - 5*c + a, 0 = -3*v - 2*v + 3*c + 46. What is the tens digit of v?
1
Suppose -3*n + n + 30 = 0. What is the units digit of -3 + (-1)/((-3)/n)?
2
Suppose 0 = -4*x + 4*i - 4, 2*x - 4*i = 4*x + 8. Let q be 5 + (1 - (x - -6)). What is the units digit of -4 + q + 1 - -16?
5
Suppose -5*c = -3*t - 60, -2*t + 25 = -7*t. Let m = c + -4. Suppose -m*l - 43 = -3*f, 2*f - 3*l - 39 = -f. What is the units digit of f?
1
Suppose 0*g + 6 = -2*g + 3*o, 5*o - 10 = -3*g. Suppose z + 4*z - 60 = g. Let p = z + -7. What is the units digit of p?
5
Suppose -4*k - 2*s = 2*s - 4, -3*k + 2 = 2*s. Suppose -4*m + d + 3 = -13, -5*m = 5*d + 5. Let h = m + k. What is the units digit of h?
3
Suppose -5*m + j + 100 = 0, 0 = 5*m - 3*j + j - 100. Let q(x) = -x**2 + 6*x - 5. Let g be q(4). Suppose g*w - w = m. What is the units digit of w?
0
Suppose -5*s - 5 + 25 = 0. Let b = s - -2. What is the units digit of b?
6
Let c(s) = s**2 + 9*s - 3. Let l be c(-4). Suppose 0*x = -x + 41. Let d = l + x. What is the units digit of d?
8
Let u = -6 + 8. Let r(j) = -j**2 + j + 2. Let c be r(u). Suppose c = -2*k + 2 + 6. What is the units digit of k?
4
What is the tens digit of 11/22*(1 - -25)?
1
What is the tens digit of (-84)/(-2) - 9/3?
3
Let f be ((-6)/4)/(3/(-26)). Suppose f = 3*t + u, -2*t - 5 = -t - 2*u. What is the units digit of t?
3
Suppose -4*i = -6 + 38. Let s(g) = g**2 + 6*g + 1. What is the tens digit of s(i)?
1
Let x(i) = -6*i**2 + 8*i - 5*i + 4 + i**2. Let r(c) = c**2 + 1. Let h(k) = -4*r(k) - x(k). What is the tens digit of h(6)?
1
Let p = -174 + 191. What is the tens digit of p?
1
Let g be 3 + (0 - 1)/(-1). Suppose -2*v = 2 - g. What is the units digit of v?
1
Let a(n) = -4*n**3 + 1 - n - n - 5*n**2 + 4*n**3 + n**3. What is the tens digit of a(6)?
2
Suppose 3*j - 5*g + 16 = 1, -3*j + 3*g - 9 = 0. Suppose j*c + 6 = 3*c. What is the units digit of c?
2
Let d(t) = -14*t - 18. What is the units digit of d(-5)?
2
Let w(y) = -y**2 - 23*y - 29. What is the units digit of w(-12)?
3
Let z = -4 - -4. Let u = -3 + z. What is the units digit of (-5 + 3 - u) + 6?
7
Let b(j) = j**3 - 5*j**2 - 5*j - 8. Let v be b(6). Let w be 0 - v - (-2 + 1). Suppose 4*k - 39 = -w*t, 5*t + 0*t + 39 = 2*k. What is the tens digit of k?
1
Let k = 1 + 3. What is the units digit of k?
4
Let q(r) = 5*r + 84. What is the tens digit of q(0)?
8
Suppose -o + 46 = -3*o. Let a = 68 + o. Suppose l + 4*l = a. What is the units digit of l?
9
Let h(x) = -x**3 - x**2 - 3*x - 2. What is the units digit of h(-1)?
1
Suppose 2*j - 4*i - 10 = 0, 3*j - 50 = -4*i + 3*i. What is the tens digit of j?
1
Let s(v) = -7*v - 12. What is the tens digit 